{"id":9,"date":"2020-10-15T20:29:55","date_gmt":"2020-10-15T20:29:55","guid":{"rendered":"http:\/\/www.zopak-brzozow.pl\/ZOPAK-WP\/?page_id=9"},"modified":"2020-10-26T16:12:06","modified_gmt":"2020-10-26T16:12:06","slug":"blog","status":"publish","type":"page","link":"http:\/\/www.zopak-brzozow.pl\/ZOPAK-WP\/index.php\/blog\/","title":{"rendered":"Kontakt"},"content":{"rendered":"\n<h6><strong>ZESP\u00d3\u0141 OCHRONY PAMI\u0118CI ARMII KRAJOWEJ \u201eBRZOZ\u00d3W\u201d<\/strong><\/h6>\n\n\n\n<p>Stowarzyszenie zarejestrowane: KRS: 0000709849, NIP: 5361932259<\/p>\n\n\n\n<p>05-120 LEGIONOWO, ul. Stefana Batorego 20<\/p>\n\n\n\n<p>tel.\/sms:<strong>&nbsp; 605 364&nbsp;337, <\/strong>e-mail:<strong> biuro@zopak-brzozow.pl<\/strong><\/p>\n\n\n\n<p><strong>Konto BG\u017b BNP Paribas S.A.:&nbsp; 73 1600 1462 1819 7939 7000 0001<\/strong><\/p>\n\n\n\n\n\n\n\n<p><\/p>\n","protected":false},"excerpt":{"rendered":"<p>ZESP\u00d3\u0141 OCHRONY PAMI\u0118CI ARMII KRAJOWEJ \u201eBRZOZ\u00d3W\u201d Stowarzyszenie zarejestrowane: KRS: 0000709849, NIP: 5361932259 05-120 LEGIONOWO, ul. Stefana Batorego 20 tel.\/sms:&nbsp; 605<\/p>\n","protected":false},"author":1,"featured_media":0,"parent":0,"menu_order":0,"comment_status":"closed","ping_status":"closed","template":"","meta":[],"_links":{"self":[{"href":"http:\/\/www.zopak-brzozow.pl\/ZOPAK-WP\/index.php\/wp-json\/wp\/v2\/pages\/9"}],"collection":[{"href":"http:\/\/www.zopak-brzozow.pl\/ZOPAK-WP\/index.php\/wp-json\/wp\/v2\/pages"}],"about":[{"href":"http:\/\/www.zopak-brzozow.pl\/ZOPAK-WP\/index.php\/wp-json\/wp\/v2\/types\/page"}],"author":[{"embeddable":true,"href":"http:\/\/www.zopak-brzozow.pl\/ZOPAK-WP\/index.php\/wp-json\/wp\/v2\/users\/1"}],"replies":[{"embeddable":true,"href":"http:\/\/www.zopak-brzozow.pl\/ZOPAK-WP\/index.php\/wp-json\/wp\/v2\/comments?post=9"}],"version-history":[{"count":7,"href":"http:\/\/www.zopak-brzozow.pl\/ZOPAK-WP\/index.php\/wp-json\/wp\/v2\/pages\/9\/revisions"}],"predecessor-version":[{"id":186,"href":"http:\/\/www.zopak-brzozow.pl\/ZOPAK-WP\/index.php\/wp-json\/wp\/v2\/pages\/9\/revisions\/186"}],"wp:attachment":[{"href":"http:\/\/www.zopak-brzozow.pl\/ZOPAK-WP\/index.php\/wp-json\/wp\/v2\/media?parent=9"}],"curies":[{"name":"wp","href":"https:\/\/api.w.org\/{rel}","templated":true}]}}