{"id":7,"date":"2020-10-15T20:29:55","date_gmt":"2020-10-15T20:29:55","guid":{"rendered":"http:\/\/www.zopak-brzozow.pl\/ZOPAK-WP\/?page_id=7"},"modified":"2024-12-14T16:42:46","modified_gmt":"2024-12-14T16:42:46","slug":"o-nas","status":"publish","type":"page","link":"http:\/\/www.zopak-brzozow.pl\/ZOPAK-WP\/index.php\/o-nas\/","title":{"rendered":"O nas:"},"content":{"rendered":"\n<figure class=\"wp-block-table\"><table><tbody><tr><td><\/td><td>1. <a rel=\"noreferrer noopener\" href=\"http:\/\/www.zopak-brzozow.pl\/ZOPAK-WP\/wp-content\/uploads\/2022\/07\/DZIALALNOSC-ZOPAK.pdf\" target=\"_blank\">Informacje og\u00f3lne o naszej dzia\u0142alno\u015bci<\/a><br>2. <a rel=\"noreferrer noopener\" href=\"http:\/\/www.zopak-brzozow.pl\/ZOPAK-WP\/wp-content\/uploads\/2022\/07\/STATUT-Stowarzyszenia-ZOPAK-wersja-do-powielania.pdf\" data-type=\"URL\" data-id=\"http:\/\/www.zopak-brzozow.pl\/ZOPAK-WP\/wp-content\/uploads\/2022\/07\/STATUT-Stowarzyszenia-ZOPAK-wersja-do-powielania.pdf\" target=\"_blank\">Nasz statut<\/a><br>3. <a rel=\"noreferrer noopener\" href=\"http:\/\/www.zopak-brzozow.pl\/ZOPAK-WP\/wp-content\/uploads\/2022\/06\/KRS_0000709849_skrot_z_logo_N1-746x1024.jpg\" target=\"_blank\">Nasze dane rejestrowe<\/a><br>4. Sprawozdania roczne<br>     &nbsp;&nbsp;&nbsp;&nbsp;<a rel=\"noreferrer noopener\" href=\"http:\/\/www.zopak-brzozow.pl\/ZOPAK-WP\/wp-content\/uploads\/2020\/12\/Sprawozdanie roczne ZOPAK 2018 odpersonalizowane.pdf\" target=\"_blank\">za rok 2018<\/a><br>     &nbsp;&nbsp;&nbsp;&nbsp;<a rel=\"noreferrer noopener\" href=\"http:\/\/www.zopak-brzozow.pl\/ZOPAK-WP\/wp-content\/uploads\/2020\/12\/Sprawozdanie roczne ZOPAK za 2019 odpers.pdf\" data-type=\"URL\" data-id=\"http:\/\/www.zopak-brzozow.pl\/ZOPAK-WP\/wp-content\/uploads\/2020\/12\/Sprawozdanie roczne ZOPAK za 2019 odpers.pdf\" target=\"_blank\">za rok 2019<\/a><br>     &nbsp;&nbsp;&nbsp;&nbsp;za rok 2020 &#8211; <a rel=\"noreferrer noopener\" href=\"http:\/\/www.zopak-brzozow.pl\/ZOPAK-WP\/wp-content\/uploads\/2022\/07\/01-05.pdf\" data-type=\"URL\" data-id=\"http:\/\/www.zopak-brzozow.pl\/ZOPAK-WP\/wp-content\/uploads\/2022\/07\/01-05.pdf\" target=\"_blank\">cz\u0119\u015b\u0107 1<\/a>, <a rel=\"noreferrer noopener\" href=\"http:\/\/www.zopak-brzozow.pl\/ZOPAK-WP\/wp-content\/uploads\/2022\/07\/06-08.pdf\" data-type=\"URL\" data-id=\"http:\/\/www.zopak-brzozow.pl\/ZOPAK-WP\/wp-content\/uploads\/2022\/07\/06-08.pdf\" target=\"_blank\">cz\u0119\u015b\u0107 2<\/a>, <a rel=\"noreferrer noopener\" href=\"http:\/\/www.zopak-brzozow.pl\/ZOPAK-WP\/wp-content\/uploads\/2022\/07\/09-12.pdf\" data-type=\"URL\" data-id=\"http:\/\/www.zopak-brzozow.pl\/ZOPAK-WP\/wp-content\/uploads\/2022\/07\/09-12.pdf\" target=\"_blank\">cz\u0119\u015b\u0107 3<\/a><br>    &nbsp;&nbsp;&nbsp;&nbsp;<a rel=\"noreferrer noopener\" href=\"http:\/\/www.zopak-brzozow.pl\/ZOPAK-WP\/wp-content\/uploads\/2022\/06\/Sprawozdanie-roczne-ZOPAK-za-2021r.pdf\" data-type=\"URL\" data-id=\"http:\/\/www.zopak-brzozow.pl\/ZOPAK-WP\/wp-content\/uploads\/2022\/06\/Sprawozdanie-roczne-ZOPAK-za-2021r.pdf\" target=\"_blank\">za rok 2021<\/a><br>&nbsp;&nbsp;&nbsp;<a rel=\"noreferrer noopener\" href=\"http:\/\/zopak-brzozow.pl\/ZOPAK-WP\/wp-content\/uploads\/2023\/07\/Sprawozdanie_roczne_ZOPAK_za_2022r.pdf\" data-type=\"URL\" target=\"_blank\"> za rok 2022<\/a><br>   &nbsp;&nbsp;&nbsp;<a rel=\"noreferrer noopener\" href=\"http:\/\/zopak-brzozow.pl\/ZOPAK-WP\/wp-content\/uploads\/2024\/12\/Sprawozdanie_roczne_ZOPAK_za_2023r.pdf\" data-type=\"URL\" target=\"_blank\"> za rok 2023<\/a><br>\n<\/td><td><\/td><\/tr><tr><td><\/td><td><\/td><td><\/td><\/tr><\/tbody><\/table><\/figure>\n","protected":false},"excerpt":{"rendered":"<p>1. Informacje og\u00f3lne o naszej dzia\u0142alno\u015bci2. Nasz statut3. Nasze dane rejestrowe4. Sprawozdania roczne &nbsp;&nbsp;&nbsp;&nbsp;za rok 2018 &nbsp;&nbsp;&nbsp;&nbsp;za rok 2019 &nbsp;&nbsp;&nbsp;&nbsp;za<\/p>\n","protected":false},"author":1,"featured_media":0,"parent":0,"menu_order":0,"comment_status":"closed","ping_status":"closed","template":"","meta":[],"_links":{"self":[{"href":"http:\/\/www.zopak-brzozow.pl\/ZOPAK-WP\/index.php\/wp-json\/wp\/v2\/pages\/7"}],"collection":[{"href":"http:\/\/www.zopak-brzozow.pl\/ZOPAK-WP\/index.php\/wp-json\/wp\/v2\/pages"}],"about":[{"href":"http:\/\/www.zopak-brzozow.pl\/ZOPAK-WP\/index.php\/wp-json\/wp\/v2\/types\/page"}],"author":[{"embeddable":true,"href":"http:\/\/www.zopak-brzozow.pl\/ZOPAK-WP\/index.php\/wp-json\/wp\/v2\/users\/1"}],"replies":[{"embeddable":true,"href":"http:\/\/www.zopak-brzozow.pl\/ZOPAK-WP\/index.php\/wp-json\/wp\/v2\/comments?post=7"}],"version-history":[{"count":16,"href":"http:\/\/www.zopak-brzozow.pl\/ZOPAK-WP\/index.php\/wp-json\/wp\/v2\/pages\/7\/revisions"}],"predecessor-version":[{"id":1199,"href":"http:\/\/www.zopak-brzozow.pl\/ZOPAK-WP\/index.php\/wp-json\/wp\/v2\/pages\/7\/revisions\/1199"}],"wp:attachment":[{"href":"http:\/\/www.zopak-brzozow.pl\/ZOPAK-WP\/index.php\/wp-json\/wp\/v2\/media?parent=7"}],"curies":[{"name":"wp","href":"https:\/\/api.w.org\/{rel}","templated":true}]}}